?
-6
Let z(f) = -f**3 + 49*f**2 - 398*f - 774. Calculate z(38).
-14
Let f(p) = 9*p**3 + 45*p**2 - 53*p - 540. Calculate f(-11).
-6491
Let v(p) = 4*p**3 + 51*p**2 - 196*p - 2800. What is v(-12)?
-16
Let k(g) = -53*g + 30696. Calculate k(579).
9
Let v(d) = -d**3 + 42*d**2 - 482*d + 1621. Calculate v(11).
70
Let u(c) = 8331*c + 74949. Determine u(-9).
-30
Let z(m) = -m**3 + 121*m**2 + 5250*m + 3109. Give z(155).
9
Let t(n) = -14*n**2 - 190*n - 1164. What is t(-6)?
-528
Let j(d) = 17116*d - 119820. Give j(7).
-8
Let t(y) = -2*y**3 + 64*y**2 + 9*y - 2162. What is t(31)?
39
Let u(q) = q**3 + 17*q**2 - 30*q + 745. Calculate u(-22).
-1015
Let i(l) = -5439*l - 32554. Determine i(-6).
80
Let w(l) = 113*l + 1479. What is w(-7)?
688
Let u(d) = d**3 - 248*d**2 + 71*d - 17615. Determine u(248).
-7
Let k(x) = -356*x**2 - 721*x - 25. What is k(-2)?
-7
Let r(m) = 300*m**2 - 8537*m - 8538. Determine r(-1).
299
Let u(f) = -f**3 - 18*f**2 + 440*f - 62. Give u(-32).
194
Let i(z) = -z**3 + 36*z**2 - 744*z + 3372. Give i(6).
-12
Let z(i) = 2*i**2 - 2781837*i. Determine z(0).
0
Let u(n) = n**3 - 26*n**2 + 657*n - 17057. Calculate u(26).
25
Let d(w) = -w**2 - 38*w + 511. Determine d(10).
31
Let h(r) = 5*r**2 + 8*r - 682. Determine h(11).
11
Let o(a) = 8*a**2 - 80*a - 955. What is o(18)?
197
Let a(n) = -347147*n + 347152. Calculate a(1).
5
Let i(j) = 465*j - 2439. Calculate i(7).
816
Let h(y) = 44941*y + 1887517. Give h(-42).
-5
Let s(w) = 13038*w**2 + 104304*w - 9. Determine s(-8).
-9
Let f(u) = -u**3 + 130*u**2 - 4049*u - 1689. Calculate f(53).
7
Let j(m) = 73294*m + 659943. Give j(-9).
297
Let l(a) = 52956*a + 264724. Calculate l(-5).
-56
Let g(z) = -10*z**2 + 1426*z - 5059. Calculate g(139).
-55
Let a(f) = 302*f**2 + 1502*f - 1502. Calculate a(1).
302
Let a(l) = 8285*l**2 + 124288*l + 188. What is a(-15)?
-7
Let l(j) = j**3 + 57*j**2 - 483*j - 30191. Determine l(-56).
-7
Let t(o) = -o**3 + 117*o**2 - 4571*o + 572253. Determine t(119).
-18
Let v(d) = -2*d**2 + 178*d - 2637. What is v(32)?
1011
Let i(r) = r**3 - 1132*r**2 + 61253*r + 23645. Give i(1075).
-5
Let x(m) = -2*m**2 - 17669*m + 70711. What is x(4)?
3
Let y(r) = -3*r**3 - 81*r**2 - 1897*r - 60034. What is y(-29)?
25
Let w(s) = 3*s**2 + 170788*s - 2562479. Calculate w(15).
16
Let p(b) = b**3 - 10*b**2 - 86*b + 70. Calculate p(0).
70
Let i(n) = -n**3 + 1603*n + 110801. What is i(59)?
-1
Let x(o) = 144*o**2 - 5183*o - 29. Give x(36).
7
Let p(s) = 4862*s + 554269. Calculate p(-114).
1
Let h(x) = -2*x**3 - 80*x**2 - 48*x - 1971. Determine h(-40).
-51
Let a(f) = 133*f**3 + 2659*f**2 - 18*f + 41. What is a(-20)?
1
Let b(p) = -164863*p - 329712. Give b(-2).
14
Let i(p) = -5261*p + 68358. Give i(13).
-35
Let p(x) = 7557*x - 67959. Calculate p(9).
54
Let a(x) = -x**3 + 13*x**2 - 17316*x + 295522. Determine a(17).
-6
Let b(g) = 68*g**2 - 52*g + 110. Determine b(5).
1550
Let k(h) = -514*h - 25125. What is k(-49)?
61
Let i(b) = b**3 + 25*b**2 + 2125*b + 58828. What is i(-27)?
-5
Let m(x) = x**2 - 1889693*x - 20786734. What is m(-11)?
10
Let m(o) = -14128*o - 126790. Give m(-9).
362
Let q(k) = -257*k**3 - 41*k**2 + 80*k + 12. Determine q(2).
-2048
Let r(w) = -w**3 - 596*w**2 + 3836*w - 1341. Determine r(6).
3
Let y(o) = 9770*o - 87879. Give y(9).
51
Let x(n) = -294*n + 27754. Determine x(94).
118
Let o(d) = -837*d + 4880. Calculate o(4).
1532
Let j(p) = -12301*p - 49234. Calculate j(-4).
-30
Let b(i) = i**2 + 905*i + 12722. What is b(-14)?
248
Let f(z) = -z**3 + 231733*z**2 + 1390443*z + 62. Give f(-6).
8
Let y(f) = f**2 + 1567*f - 80030. What is y(50)?
820
Let s(d) = -367*d - 92039. Determine s(-251).
78
Let x(u) = -12071*u - 217231. Give x(-18).
47
Let h(w) = 24813*w - 2654972. Calculate h(107).
19
Let d(n) = 17*n**2 - 207*n + 57. Give d(17).
1451
Let x(a) = 839*a + 25552. What is x(-29)?
1221
Let f(x) = -6108*x - 2504276. Give f(-410).
4
Let v(p) = 3*p**3 + 138*p**2 + 1305*p + 1659. Calculate v(-11).
9
Let y(u) = -374*u**3 - 12*u**2 - 25*u - 12. Give y(-1).
375
Let i(y) = 26701*y + 5286816. Calculate i(-198).
18
Let z(u) = 70*u - 512. Determine z(6).
-92
Let f(v) = v**2 - 193*v + 9497. Give f(95).
187
Let y(z) = 7740*z - 1795667. What is y(232)?
13
Let n(z) = -61*z**2 - 407*z - 1237. Calculate n(-3).
-565
Let u(a) = a**3 + 783*a**2 - 2335*a + 18065. Determine u(-786).
-13
Let x(t) = -11*t**3 - 165*t**2 + 3*t + 33. What is x(-15)?
-12
Let z(u) = u**2 + 73*u - 1963. What is z(21)?
11
Let b(r) = 1737*r - 1739. Calculate b(1).
-2
Let x(k) = -1667*k + 23676. Determine x(14).
338
Let a(r) = -4*r**2 + 2864*r - 125787. What is a(47)?
-15
Let a(w) = 59359*w**2 - 593583*w - 11. Give a(10).
59
Let l(m) = -3785*m - 707. Determine l(0).
-707
Let k(o) = -3*o**2 + 465*o - 17625. Determine k(67).
63
Let w(t) = 2*t**2 + 771805*t + 2315395. Calculate w(-3).
-2
Let r(f) = f**3 + 123*f**2 + 1454*f + 87981. Give r(-117).
-3
Let d(l) = -1491*l - 292351. What is d(-196)?
-115
Let h(d) = -4160*d - 66439. Give h(-16).
121
Let i(p) = -3*p**2 - 34*p - 141. Calculate i(-7).
-50
Let c(z) = 1928*z**2 + 3838*z + 3. Calculate c(-2).
39
Let k(v) = 11*v**2 - 66*v - 329. Determine k(10).
111
Let a(o) = o**3 - 29*o**2 + 129*o + 290. Give a(22).
-260
Let c(b) = 958*b**2 + 13387*b - 132. What is c(-14)?
218
Let i(o) = o**3 + 177*o**2 + 3268*o - 233. What is i(-21)?
-65
Let a(w) = w**3 - 28*w**2 - 114*w - 1704. Calculate a(33).
-21
Let v(w) = 20478*w - 573388. Calculate v(28).
-4
Let g(j) = -3*j**3 - 88*j**2 - 1201*j - 42035. Give g(-31).
1
Let f(j) = 19*j**3 - 150*j**2 - 65*j + 393. Determine f(8).
1
Let b(p) = -273*p**3 - 2456*p**2 + 33*p + 196. Give b(-9).
-20
Let g(d) = 370*d - 4306. Calculate g(12).
134
Let y(j) = -4*j**2 + 405*j + 10700. Determine y(123).
-1
Let k(j) = 690*j - 15175. Calculate k(22).
5
Let l(o) = 2*o**3 - 208*o**2 + 2342*o + 2204. Give l(91).
20
Let w(p) = -3*p**3 + 9*p**2 - 18*p - 7. Give w(0).
-7
Let l(y) = y**2 + 4025*y + 357941. Calculate l(-91).
-53
Let p(x) = x**2 + 249*x + 6130. Give p(-221).
-58
Let s(g) = 15*g**3 - 557*g**2 + 73*g + 225. Calculate s(37).
188
Let u(j) = 10*j**2 - 596*j - 908. Give u(60).
-668
Let y(s) = s**3 + 148*s**2 - 17*s - 2517. What is y(-148)?
-1
Let x(r) = -182559*r - 7667481. Calculate x(-42).
-3
Let z(g) = -3*g**3 - 28*g**2 + 45*g + 216. What is z(-13)?
1490
Let q(l) = -3*l**2 - 941*l - 42115. Calculate q(-47).
-4515
Let g(b) = -2*b**3 - 393*b**2 - 967*b + 612. Give g(-194).
30
Let z(y) = 8006*y - 17345. What is z(2)?
-1333
Let d(a) = 3*a**2 - 225*a + 503. What is d(74)?
281
Let a(k) = -9*k**2 - 1153*k + 1412. What is a(-128)?
1540
Let n(l) = -l**2 - 343*l - 10113. Calculate n(-32).
-161
Let f(u) = -18*u**3 - 193*u**2 - 16*u - 267. Determine f(-11).
514
Let d(j) = -9*j**2 - 96*j - 2. What is d(-8)?
190
Let r(z) = z**3 + 272*z**2 + 729*z - 20326. What is r(-269)?
656
Let k(p) = 2*p**2 + 27*p - 416. Give k(15).
439
Let u(l) = 8*l**3 + 11*l + 19. Calculate u(-3).
-230
Let f(r) = -479*r + 56047. Give f(117).
4
Let a(f) = 4227*f - 4147. Give a(1).
80
Let i(a) = -46*a**2 + 1211*a + 6684. What is i(31)?
19
Let m(q) = -8*q**2 + 790*q + 829. Calculate m(100).
-171
Let y(q) = q**3 + 242*q**2 + 1650*q + 1140. Give y(-235).
-35
Let p(k) = k**2 + 9693*k - 447484. What is p(46)?
510
Let g(f) = f**2 - 18618*f + 279051. Give g(15).
6
Let p(q) = 29081*q - 465300. Determine p(16).
-4
Let d(u) = u**2 - 35*u + 277. Calculate d(13).
-9
Let t(c) = -5*c**2 - 63*c + 86. Determine t(15).
-1984
Let j(u) = -255*u**2 + 46*u + 104. Determine j(-2).
-1008
Let j(f) = 15165*f + 76342. Give j(-5).
517
Let a(m) = 5068*m**2 + 10145*m - 5. What is a(-2)?
-23
Let c(n) = n**3 - 24*n**2 - 161*n + 1651. Calculate c(28).
279
Let f(p) = 4*p**3 - 3654*p**2 - 1821*p - 6412. What is f(914)?
-14
Let p(c) = -c**2 - 109*c - 2089. Determine p(-82).
125
Let u(d) = 2*d**3 + 67*d**2 + 15655*d + 497887. Determine u(-32).
-1
Let c(v) = -30549*v - 61103. Give c(-2).
-5
Let z(c) = -5*c**3 + 481*c**2 - 1896*c + 54. Calculate z(4).
-154
Let q(d) = 1170*d + 107568. Calculate q(-92).
-72
Let w(a) = 733*a + 326898. Determine w(-446).
-20
Let i(u) = -u**3 + u**2 + 575*u + 531. Give i(-23).
2
Let r(z) = 2*z**3 + 15*z**2 + 21*z + 249. Calculate r(-9).
-183
Let b(q) = 11139*q - 67206. Determine b(6).
-372
Let u(v) = 60276*v + 1989128. Calculate u(-33).
20
Let